 and 5120?
10
Let v(x) = -36*x - 7. Let y be v(-1). Suppose -2*t = 5*f - 4*f - 19, 0 = 2*t + 3*f - y. Calculate the greatest common factor of t and 301.
7
Suppose 4*y = 4, 6 = -2*p + p + y. Let f(b) = -b**3 - b**2 - 20. Let x be f(p). What is the highest common factor of x and 16?
16
Suppose -10*p + 54 = 4. Suppose -5*i + p*c = -560, 5*c - 887 = -5*i - 337. What is the highest common factor of 148 and i?
37
Suppose n - 3*t - 75 = 72, 3*n = 2*t + 448. Suppose -6*m = -n - 6. Let x = m + -6. What is the greatest common factor of 30 and x?
10
Let i be (-1)/((-6)/(-15) + 2412/(-5880)). Suppose 2*j - y = 46, 6*y - 11*y = -4*j + i. What is the greatest common divisor of j and 110?
22
Suppose 0 = y - 2*r + 205, 5*r = -4*y - 345 - 423. Let o = -168 - y. What is the greatest common factor of o and 58?
29
Let o be 6/(-9)*(-67)/(-4)*-6. Let v = -62 + o. Suppose -v*j + 37 = 2*k, -2*j + 4*k - 20 = -6*j. What is the highest common factor of 27 and j?
9
Suppose 17*q - 39156 = -14948. What is the greatest common factor of q and 16?
16
Let u = 9151 + -8869. Calculate the highest common factor of u and 3807.
141
Suppose 0 = -q + x + 5, -q - 4*x - 8 = q. Suppose -2*m - 96 = -2*z - z, -144 = -5*z - q*m. What is the greatest common factor of 6 and z?
6
Let i = 3791 - 3713. Calculate the greatest common divisor of 4758 and i.
78
Let p = 53 - 50. Suppose 167 = p*d - 109. Calculate the greatest common divisor of d and 230.
46
Let u be 2/(-3) + 8*(-8)/3. Let b be (-1)/((6/(-15))/(u/5)). Let j(k) = k + 20. Let a be j(b). What is the greatest common factor of a and 27?
9
Let o(f) = -f**3 - 5*f**2 + f + 22. Let i be o(-4). Suppose -3*b = -3*r - 3, -4*b - 1 + i = -5*r. Calculate the highest common factor of r and 201.
3
Suppose -310*j + 291*j + 90706 = 0. What is the greatest common factor of 14 and j?
14
Let j be 119/6 - (55/30 + -2). Calculate the highest common factor of 90 and j.
10
Let v(n) = -106*n + 5985. Let g be v(56). What is the highest common divisor of g and 28?
7
Let q be (124*(-1)/(-12)*-93)/(-1). What is the highest common factor of q and 217?
31
Let c(k) = k - 1. Let h(u) = u + 38. Let s(p) = 6*c(p) + h(p). Let w be s(-11). Let l = 85 + w. What is the greatest common factor of l and 440?
40
Suppose 0*t + 2*b = -4*t + 56, 3*b = -3*t + 42. Suppose t + 40 = -j. Let d be j/15*5*3/(-6). What is the highest common divisor of 9 and d?
9
Let x be (-51)/(-9)*(3 + 2 + -2). Suppose 5423 = 29*q - 0*q. Calculate the highest common factor of x and q.
17
Suppose -5066 = -33*a + 16*a. Suppose -17*l + a + 161 = 0. What is the highest common factor of 207 and l?
9
Let w = 7504 + -7486. Suppose -3*g - a = g - 9, 3 = 3*a. What is the highest common divisor of w and g?
2
Suppose 4*l + 2*g = -2, 5*g = -4*l - 19 + 2. Suppose -4*y = -5*w - 30, w + 9 = y + l. What is the greatest common factor of y and 125?
5
Let f be (((-13)/(-104))/(1/24))/(4/28). What is the greatest common divisor of 3689 and f?
7
Suppose 3*b - 112 = -n, -n + 157 = 5*b - 27. Suppose 8 = -2*p, 0 = -3*y - 5*p + b + 10. What is the greatest common divisor of 242 and y?
22
Let p(r) = r**3 - 75*r**2 - 237*r + 409. Let i be p(78). What is the greatest common divisor of i and 1085?
35
Suppose 4*l - 16 - 64 = 0. Suppose 0 = 60*s - 62*s + l. What is the greatest common factor of s and 85?
5
Let c be -1 + 13/52*324. What is the greatest common factor of c and 100?
20
Let f = 196 + -2. Suppose 2*o - 378 - f = 0. Calculate the highest common factor of 26 and o.
26
Suppose -386*o = -364*o - 46618. What is the highest common factor of o and 39?
13
Let q(n) = n**3 + 21*n**2 + 10*n + 35. Let l be q(-20). Suppose h + l = 247. What is the highest common divisor of h and 384?
12
Let s be 2 - 0 - 39/(-3). Suppose -134*m + 133*m = 3. Let g be 0 + 3 + (-1 + -2 - m). Calculate the highest common factor of s and g.
3
Suppose -7*c - 2691 = -3*v - 542, 3*v - c = 2143. What is the highest common factor of v and 561?
51
Suppose 4*t + 20 = 2*x, -5*x + 3*t - 7 = -29. Let n = -55600 + 55618. What is the greatest common divisor of x and n?
2
Suppose 0 = -5*q - m + 4027, -11*m + 7*m + 3244 = 4*q. What is the greatest common divisor of q and 15?
3
Let j be (91 - 2) + 0 + 2. Let s(c) = -c + 22. Let z be s(11). Let w be (-12 + z)*(-2)/((-4)/(-26)). What is the greatest common factor of j and w?
13
Let y(u) = 3*u**2 + 7*u - 6. Let s be y(-6). Let w = -12096 + 12132. Calculate the highest common divisor of w and s.
12
Let o be 4 - 6 - 10*-5. Let t be o/((-5)/(15/(-3))). Let d be 7 - -1 - (15 + -13). Calculate the greatest common divisor of t and d.
6
Let i = 128 + -125. Let v(p) = 5 - p**3 - i*p**2 + 15 - 5*p - 26. Let m be v(-3). Calculate the highest common divisor of 1 and m.
1
Suppose 9*b - 4*b + 45 = -5*g, 2*b - 4*g + 18 = 0. Let r be 52/(-4) - b - (-32 + 1). Calculate the greatest common factor of 675 and r.
27
Let w(g) = -6 - 4*g - 9 + 23*g - g**2 - 30. Let x be w(14). Let f = 39 - x. What is the greatest common divisor of f and 7?
7
Let r be (85/20)/(5/20). Let v(o) = 2*o**2 - 28*o + 34. Let f be v(r). Let k = f - 81. Calculate the highest common factor of 5 and k.
5
Let h = -141 - -135. Let t be 88/(-24) - -2 - 1132/h. Let g = -34 - -51. Calculate the greatest common factor of g and t.
17
Let b(q) = -3*q + 36. Let n be b(-13). Let j = 909 + -904. Calculate the greatest common divisor of n and j.
5
Let y be (-3 + 4 + -67)/(-1 - 1). Let f(x) = -2*x - 5. Let g be f(-4). Suppose -4*u = g*l - 507, -3*u + 0*u = -9. What is the greatest common factor of y and l?
33
Let s(f) = 25*f**2 - 41*f + 38. Let g be s(2). Calculate the highest common factor of g and 301.
7
Let g(x) = 442*x + 7668. Let p be g(-17). What is the highest common factor of p and 25718?
154
Suppose 5*v + 119*z - 118*z = 48, 0 = 5*v - 2*z - 69. Calculate the highest common divisor of 3223 and v.
11
Suppose -g - 13 = -34. Suppose -g - 171 = -8*v. What is the greatest common divisor of v and 132?
12
Suppose 5*m = 3*m + 104. Suppose -m = 2*s - 58. Suppose -t + 42 = 4*o, -5*t + s*o = -10*t + 176. Calculate the greatest common factor of t and 136.
34
Let i be ((-50)/100)/(1/6). Let f(k) = -20*k**3 - 7*k**2 + 3*k + 5. Let u be f(i). What is the highest common divisor of 33 and u?
11
Let w be (64/24)/(4/6). Suppose 2*z - u - 2*u + 12 = 0, 0 = -4*z + u - w. Suppose z = h + h - 140. Calculate the greatest common divisor of h and 14.
14
Suppose 0 = -2*h - 4*r + 150, -7*h + 6*h + 48 = -7*r. Calculate the greatest common divisor of h and 115.
23
Let z(q) = 4*q**3 + q**2 - 7*q - 21. Let v be z(5). Suppose -v = -2*b + 3*c, 2*c = b - 3*c - 245. Calculate the highest common divisor of 92 and b.
46
Let q(h) = 27*h + 162. Let s be q(-5). Let v = -3 - -4. Suppose -2*n + 18 = 4*c, 5*n = 3*c - v + 7. Calculate the highest common divisor of c and s.
3
Suppose -4276*a = -3*q - 4275*a + 31, 4*q - 44 = 4*a. Let l be (114/(-18))/((-2)/30). Calculate the greatest common factor of q and l.
5
Suppose 7*h = 4*h - 30. Let t be ((-1)/2)/(1/h*1). Let a(y) = 9*y + 17. Let s be a(t). Calculate the greatest common factor of 93 and s.
31
Let b = 580 + -394. Let l = 284 - b. What is the highest common divisor of 42 and l?
14
Let g be (-5 - 13/(-2))/((-12918)/(-2580) + -5). What is the highest common divisor of 1462 and g?
43
Let y(k) = -2*k**3 + 65*k**2 + 45*k - 288. Let p be y(33). What is the highest common factor of 192 and p?
12
Suppose -5268 = 316*j - 28968. What is the highest common factor of j and 2580?
15
Let f = 2 + 10. Let z(b) be the third derivative of b**4/3 - 2*b**3 - 65*b**2. Let x be z(3). Calculate the highest common divisor of x and f.
12
Let y(l) = -1 + 6 + l**2 + 3 - 3 - 19*l. Let u be y(19). Let f be -1 + 143/u + (-4)/(-10). Calculate the greatest common factor of 4 and f.
4
Suppose 8*k + 3*k - 44 = 0. Suppose -4*i + k*a + 16 = 0, -6*a + 2*a + 12 = 3*i. What is the highest common divisor of 36 and i?
4
Let q = -141 + 231. Suppose -2*j - 16 - 6 = -d, -4*j = -5*d + 134. Suppose -35*w = -d*w - q. What is the greatest common divisor of w and 2?
2
Suppose -k = -2*k + 70. Let t = 275050 + -274868. Calculate the highest common factor of k and t.
14
Let t(m) = 2*m**3 + 236*m**2 - 6164*m - 485. Let g be t(-140). Let l = -81 + 181. Calculate the greatest common factor of g and l.
25
Suppose -10*c + 7*